/((-5)/75)?
6
Let p = 14085 - 13872. Calculate the remainder when p is divided by 57.
42
Let n(m) = 74*m**2 - 58*m + 121. What is the remainder when 1843 is divided by n(3)?
4
Let y(j) = -22*j**2 - j**3 - 63*j + 86*j + 5 - 64*j. Calculate the remainder when y(-20) is divided by 3.
1
Let a = 96 + 10. Calculate the remainder when a is divided by -80 + 109 + 2*52/8.
22
Suppose -11*b - 6*b = -2601. Let h = -174 - -186. What is the remainder when b is divided by h?
9
Suppose -15*g - 191 = -18*g - 5*r, 4*g - 248 = -5*r. Suppose -z + 20 = z. What is the remainder when g is divided by z?
7
Let z(g) = 6*g**2 + 15*g - 16 + 6*g + 7*g**2 - 12*g**2. Calculate the remainder when z(-25) is divided by 27.
3
Let w = -14451 - -14466. What is the remainder when 23/((2/(-3))/(-2)) is divided by w?
9
Let b = 3414 - -402. Suppose 0 = 4*g - l + 5*l - b, -4*g - 5*l = -3813. Calculate the remainder when g is divided by 120.
117
Suppose -4*u + 3*a = -11, 6 + 20 = 4*u + 2*a. What is the remainder when 8917 is divided by u?
2
Let b be (66/(-12) - -4)/(3/(-10)). Suppose -b*n + 4*n - h = -48, 3*h + 64 = n. Calculate the remainder when n is divided by 27.
25
Let j(p) = -3*p + 10 + 3*p - p. Suppose 301*g - 297*g = 128. What is the remainder when g is divided by j(-9)?
13
Let h(z) = 4*z**2 + 17*z - 14. Let m(t) = 5*t**2 + 18*t - 15. Let i(s) = 6*h(s) - 5*m(s). Let g be 8*1/10*5. Calculate the remainder when i(g) is divided by 14.
9
Let a(p) = 2*p + 40. Let i be a(-24). Suppose -5*q = -d + 22, -3*d - 4*q = -0*d - 142. What is the remainder when d is divided by ((-38)/i - 1)*(21 - 17)?
12
Let n(i) = -112*i + 697. What is the remainder when n(6) is divided by 16?
9
Suppose 61*t - 1187 = 1497. Calculate the remainder when 1577 is divided by t.
37
Let t = 51 + -18. Let p be (1*(-4 - 0))/((-8)/6). Suppose 18 - 8 = -2*d, p*j = d + 23. What is the remainder when t is divided by j?
3
Suppose -145 = -5*l + 5*t, 5*l + 210*t - 149 = 211*t. Let n be (-3 - -147 - 0) + 3. Suppose 0 = 3*w - n - 21. Calculate the remainder when w is divided by l.
26
Let h = -472 + 474. Suppose 4*k - 40 = 5*y, -2*k + 14 = -0*y - y. What is the remainder when k is divided by h?
1
Let h(i) = -i**3 - 9*i**2 - 17*i - 8. Let z(b) = b**3 - 7*b**2 - 6*b - 5. Let x be z(7). Let o = -22 - x. Calculate the remainder when o is divided by h(-7).
12
Suppose 73*u - 16*u + 39*u = 3840. Let z = 331 + -99. Calculate the remainder when z is divided by u.
32
Suppose -105*h + 4*s = -101*h - 2864, -4*h + 2819 = 5*s. What is the remainder when h is divided by 27?
9
Suppose 3*l - 5*l + 3*k + 1048 = 0, 1480 = 3*l + 7*k. Calculate the remainder when l is divided by 280.
232
Let j be (((-400)/(-24))/(-1))/((-1)/(-15)). Let z = 262 + j. Calculate the remainder when 58 is divided by z.
10
Let b be 6/(-14) - (-7 + 5067/(-63)). Suppose 0 = 10*p + 7 - b. What is the remainder when p is divided by 3?
2
Let t(f) = f**2 + 12*f - 5. Suppose 427 = 56*j - 615 - 694. Calculate the remainder when t(9) is divided by j.
29
Suppose -2*y + 2*a + 10204 = 0, 2*y = -a + 12666 - 2462. Calculate the remainder when y is divided by 88.
86
Let m = 412 - 272. Let y(h) = 2215*h - 24347. What is the remainder when m is divided by y(11)?
14
Let b = 23 - 10. Let d = -9695 - -9991. What is the remainder when d is divided by b?
10
Let r(d) = -d**2 + 11*d - 5. Suppose 4*n + 2*l + 0*l = -424, -8 = -2*l. What is the remainder when n/(0 + -2) + -3 + 0 is divided by r(9)?
12
What is the remainder when (6 + -2 - 111)/(8/(-296)) is divided by 110?
109
Let r(d) = 2*d**3 - 6*d + 4. Let z = -364 + 395. Calculate the remainder when z is divided by r(2).
7
Let h = -5941 - -6040. Calculate the remainder when 248 is divided by h.
50
Let y(n) = 33*n**3 + n**2 - 19*n + 9. Let p be y(3). Suppose 13*b - 25*b + p = 0. Calculate the remainder when b is divided by 9.
8
Let b(q) = 2*q**2 + 91*q + 2290. Calculate the remainder when b(-65) is divided by 10.
5
Suppose 0 = -9*q + 4*q + 70. Calculate the remainder when 76*(23 + -29 - (-5)/(20/26)) is divided by q.
10
Let g be (17/(-2) - 2)*1260/735. Let d = 5 - -12. Calculate the remainder when d is divided by (-45)/g*4 - 4.
5
Suppose 831*v + 1179 = 3*x + 832*v, -4*x = 5*v - 1594. Calculate the remainder when x is divided by (4/3)/(11/462).
55
Let k = -13 + 33. Let b(u) = -3*u**3 + 2*u**3 - k - u**2 + 3*u - 5*u**2. What is the remainder when 77 is divided by b(-7)?
5
Let f(j) = j + 14. Let m be f(-7). Suppose 0 = -8*h + m*h + 4. Suppose -5*s = h*t - 206, -6*s + 205 = -s + 5*t. What is the remainder when s is divided by 23?
19
Let s(q) = 7*q - 9 - 109 + 20. What is the remainder when s(20) is divided by (-38)/(-3) + 4/(-6)?
6
Suppose 3*l - 3*k - 435 = 0, 6*k + 24 = 10*k. Suppose -3 = 3*j, -108 = -3*v + 4*j + 40. What is the remainder when l is divided by v?
7
Let z = 4548 - 4443. What is the remainder when 195 is divided by z?
90
Let a(i) = -i**3 - 13*i**2 - 16*i - 27. Let v be a(-12). Let o = 49 + -41. Calculate the remainder when (-6)/(-9)*(0 + v/1) is divided by o.
6
Let u(o) = 120*o**3 + 2*o**2 - 9*o - 27. Calculate the remainder when u(6) is divided by 21.
18
Suppose 22*x = -15*x. Suppose 0 = -2*m - 6*j + j + 182, x = -4*m - 5*j + 354. Calculate the remainder when m is divided by (-3 + (-21)/(-6))*44.
20
Suppose 3*w = w - d + 254, 2*w + 5*d = 270. Suppose 2*z = -3*p + 6811 - 6695, 5*p - 180 = -2*z. What is the remainder when w is divided by p?
29
Suppose 10 = -193*h + 195*h. What is the remainder when 88 is divided by (-10)/((5 + -2)*h/(-45))?
28
Suppose 4*i - 9*i + 210 = 0. Suppose 0 = -j + 28*y - 2 + 151, -y - 230 = -j. What is the remainder when j is divided by i?
23
Suppose -107*v + 23166 = 12*v + 24*v. What is the remainder when 545 is divided by v?
59
Let x = -20313 + 20333. Let g = 22 - -15. What is the remainder when g is divided by x?
17
Suppose -4*b - 5*r = -49, -5*b + 4*r - 184 + 276 = 0. Let u(p) = p**3 - 8*p**2 - 11*p + 3. What is the remainder when u(10) is divided by b?
13
Let w(y) = 2*y**3 - 79*y**2 - 36*y - 4. What is the remainder when w(40) is divided by 42?
30
Let c be 424/20*(-5)/(-2). Let g = -8 - -28. Let b = c - g. Calculate the remainder when b is divided by 18.
15
Let q be 17/(((-5)/(-20))/1). Let f = 76 - q. Suppose -l - 24 - 9 = -2*j, 0 = -3*j - 3*l + 54. What is the remainder when j is divided by f?
1
Let y be 11 + 2 - 0/(-4). Suppose q = 3*p - 6, -p + 36 - y = 2*q. What is the remainder when 33 is divided by q?
6
Suppose 0 = -2*u + 2*y - 37 + 101, -69 = -2*u + 3*y. Let h(x) = 1 + 43*x - 41*x + 3 + 3*x**2 + 0*x**2. What is the remainder when h(-6) is divided by u?
19
Suppose -6*s - 1752 + 2317 = -2195. Calculate the remainder when s is divided by 6.
4
Suppose 14*a - 19*a + 10 = 0. Suppose 4*d + 93 = 5*w + 433, a*w = -8. Calculate the remainder when d is divided by 146/10 + (-3)/5.
10
Let y be 4*((-11 - -1)/5 + 3). What is the remainder when 46 is divided by (-4 - y)/(((-22)/(-4))/(-11))?
14
Let g(r) = -r**2 + r. Let p(y) = -y**2 - 2*y + 255. Let u(v) = 3*g(v) + p(v). Calculate the remainder when u(0) is divided by 6.
3
Suppose -17 - 10 = 9*i. Let t(w) = -2*w**3 - 5*w**2 - 5*w - 2. Let v(o) = -o**2 - 8*o + 8. What is the remainder when t(i) is divided by v(-8)?
6
Let k(z) = -9*z**2 - 71*z - 6. Let j be k(-5). Let s = j + 4. Calculate the remainder when s is divided by 27.
20
Let i = 5015 + -4726. What is the remainder when i is divided by 61?
45
Let k be (122/(-5) + -3)*-5. Let h = -108 + k. Calculate the remainder when 403 is divided by h.
26
What is the remainder when ((-14)/(-56))/((-1)/(-92)) is divided by 6?
5
Suppose 3*g + 452 + 1874 = 5*j, -4*g + 479 = j. What is the remainder when j is divided by 16?
3
Let b(u) = -2*u**2 + 15*u + 10. Let a be b(8). Suppose a*q = 6*s - 3*s + 38, -5*s - 3*q = 76. Calculate the remainder when (s/21)/((-4)/270) is divided by 12.
9
What is the remainder when (-6004)/(-6) + -8*17/(-408) is divided by 201?
197
Let s = -245 + 247. Suppose 12*x - 4*y - 388 = 9*x, -2*y = s*x - 282. Calculate the remainder when x is divided by 38.
22
Suppose 15293 - 47957 = -8*a. Suppose 0 = 5*c + n + a, -813 = c - 2*n + n. What is the remainder when 30 is divided by (-1)/(-4)*c/(-12)?
13
Let m = -1689 - -1753. What is the remainder when m is divided by 23?
18
Calculate the remainder when 5595